Let z(q) = -26*q**3 - 4*q**2 - q - 2. Suppose -p = 2*i - 3, -5*p + 7*p + 9 = i. Is z(p) a prime number?
False
Let p = 62 - 57. Is p/(30/(-1978))*-3 a composite number?
True
Let k(q) be the second derivative of -53*q**5/120 - 3*q**4/8 - 5*q**3/6 + 5*q. Let b(h) be the second derivative of k(h). Is b(-4) a composite number?
True
Suppose 2*o - 29222 = -4*q, 0 = -o - 12*q + 16*q + 14641. Is o composite?
False
Let x = -2563 - -3591. Let v be (x/(-12))/((-1)/9). Is 1/(3087/v + -4) composite?
False
Is (-122647)/(-6) - (-2 + 65/30) a prime number?
True
Let b(r) be the first derivative of r**4/4 - r**3/3 - r**2/2 - r - 7. Let h be b(2). Is -1 - 0 - (-98)/h composite?
False
Let b = 18188 + 15221. Is b prime?
True
Let p(r) = 5*r**3 - 10*r**2 - 26. Let l be p(9). Suppose 5*c = 876 + l. Is c prime?
False
Suppose 0 = 3*u - 2*w - 56346, 4*u - 72260 = 3*w + 2868. Is u composite?
True
Suppose 0 = i - 0*i - 5*p - 3, 0 = 5*i - 2*p + 8. Let a = i - -7. Is (-1)/a - 3138/(-15) a prime number?
False
Suppose 3*l - 80 = -548. Is 1*(3 - l) + -2 a prime number?
True
Let y(i) = 442*i - 15. Is y(7) a prime number?
True
Suppose i = -6*i + 21. Suppose i*c - 13 + 1 = 0. Suppose 0 = l + 2*s - c*s - 335, -3*l + 3*s = -999. Is l a prime number?
True
Let r(m) = m**2 + m - 63. Is r(19) composite?
False
Let b(a) = -a**3 - 2*a**2 + 4*a + 2. Let j be b(-3). Let s be j*(-3)/(3/5). Suppose 178 + 265 = s*c - 2*g, 92 = c + 3*g. Is c a composite number?
False
Let y = -48 - -95. Let t = 25 + -24. Is 3 + (y - (-3)/t) prime?
True
Suppose 0 = -31*b + 36*b + 5. Is (4 - 447)*(-2 - b) a prime number?
True
Let d(s) = 206*s**2 + 10*s**3 - 4*s - 201*s**2 + 7 - 1. Is d(5) a prime number?
True
Let d(o) = -o**2 + 14*o - 18. Let x be d(13). Let w(s) = 34*s**3 - 3*s**2 + 3*s - 5. Let t be w(x). Is (-2)/3 + t/(-33) a prime number?
True
Suppose 0 = k + 2*y - 1832, -9*k + 2*y + 9100 = -4*k. Suppose 0*o = 2*f + o - k, 4*f + 5*o = 3644. Is f a composite number?
False
Let a = 20685 + 56212. Is a a composite number?
True
Let w(u) = u**3 + 33*u**2 - u - 58. Is w(-32) a prime number?
False
Is (-2)/(10/(-25))*(-40601)/(-55) a composite number?
False
Suppose 5*v + 4*x - 67615 = 0, -2*v = 31*x - 36*x - 27046. Is v composite?
False
Let c = 42886 + -25049. Is c a composite number?
False
Let n be 141/45 - (-6)/(-45). Is 516 - (-2 - 1)/n a prime number?
False
Suppose 4*q - 5*d = 64969, -5*q + 26472 + 54773 = 5*d. Is q a prime number?
False
Let o be (2/(-4))/((-14)/252). Suppose -o*p + 1306 = -8*p. Is p composite?
True
Let l be 1/(-2)*8*4. Let g = 62 + l. Is g composite?
True
Suppose 6*d - 58147 = 28679. Is d prime?
False
Let t be 4/(-10)*(-55)/(-22). Let l be (t - -1)/4 + 2. Is 3 + (-1)/(l/(-168)) a composite number?
True
Let h = -1342 - -10283. Is h prime?
True
Let g(s) = -11*s**2 + 89*s + 11. Is g(4) composite?
False
Let p(i) = -150*i - 1. Let t(a) = 151*a + 1. Let g(n) = 4*p(n) + 3*t(n). Let k(j) = -j**2 - 11*j - 2. Let b be k(-11). Is g(b) a prime number?
True
Let k = 1541 - -9230. Is k a prime number?
True
Let l = 309 - -179. Suppose -229 = -2*u - 5*p, 0 = 4*u - 0*p + 4*p - l. Is u a prime number?
True
Suppose 0 = 4*o + 3*m - 854, -m = 2*o - 4*m - 436. Let v = 312 - o. Suppose 5*n = -3*g - v + 298, -n = 0. Is g prime?
True
Is 370/50 + -8 + 13636/10 prime?
False
Let f = -7 - -11. Suppose 0*o - 7356 = -f*o. Is o composite?
True
Let u be (-4 - -2)*(-766)/(-4). Let n be 1 + 2 + -2 - u. Suppose w + 207 = o - 3*w, 2*o = 2*w + n. Is o composite?
True
Let k = 4110 - 2796. Suppose k = 4*r + 286. Suppose g - 8 - 29 = 4*u, -5*g + r = -2*u. Is g composite?
False
Let x(z) = z**3 + z + 11. Let s be 3 + 75/(-27) + 306/81. Is x(s) a prime number?
True
Suppose -79494 = -2*z - 4*g, -g - 200238 - 38257 = -6*z. Is z composite?
False
Let u(k) = k**3 - 9*k**2 + 73*k - 22. Is u(21) composite?
False
Let l = 5 - 8. Let n be 123 + l + (-1 - -4). Let o = -72 + n. Is o composite?
True
Let o(h) = -5*h - 374*h**2 - 29 + 0*h**3 + 391*h**2 - h**3. Is o(14) a prime number?
False
Let d(u) = -43*u**3 + u**2 + 2*u + 5. Suppose -4 + 19 = -5*r. Is d(r) a prime number?
False
Suppose 473*x - 474*x = -114715. Is x prime?
False
Let o(t) = -26*t - 37. Let i be o(-12). Suppose -3*h = i - 1412. Is h prime?
True
Is (5 + 1949)*4/8 a composite number?
False
Is (-4)/36 - (-4479216)/216 a prime number?
False
Suppose 1 = l + 36. Let s be (-8)/10 - (8328/(-20))/3. Let d = s + l. Is d a prime number?
True
Let c be 4/10 + (-26)/(-10). Suppose 4476 = c*q + q. Suppose 9*d = 6*d + q. Is d composite?
False
Suppose -t + f = 11, -f = -1 + 5. Is 5728/48*t/(-2) a composite number?
True
Let u(w) be the third derivative of 19*w**8/10080 - w**7/5040 + w**5/20 + 5*w**2. Let p(j) be the third derivative of u(j). Is p(1) prime?
True
Suppose -10*m = -7*m - 11097. Suppose 2*r = -a + m, 0*r - 2*a = 2*r - 3704. Is r a prime number?
True
Let r(m) = -40*m**2 - 2*m - 2. Let c be r(-1). Let a = -70 + c. Let x = a - -179. Is x prime?
False
Let l(k) = 23091*k**2 + k - 3. Is l(1) a composite number?
True
Suppose -4*w + 0 = 4. Is w + (-150)/(4/(-4)) a prime number?
True
Let j(i) = 42*i**2 + 4*i + 7. Suppose -z - 5*z = -156. Let y be z/(-65) - (-26)/(-10). Is j(y) a prime number?
True
Let b(n) = 4*n**2 - 46*n + 11. Is b(34) composite?
True
Suppose -5*k - i = -14, i + 3*i = -3*k + 5. Suppose -4*b = 2*t - 1550, 0*b - 5*t - 1143 = -k*b. Is b a prime number?
False
Let q(s) = -8*s. Let w be q(-1). Suppose -2*x + w = -x. Is x/6 + (-701)/(-3) a composite number?
True
Suppose -3*j - 14173 = -5*y, y + 4*j - 2165 - 665 = 0. Let r = -1197 + y. Is r a prime number?
True
Let t be (-16)/6*(-30)/(-8). Is (-10)/4*6044/t prime?
True
Suppose 6*o = 4*o + 44. Suppose 5*m + o = -13. Is m/1*365/(-5) composite?
True
Let l be (-6)/(-14) + 8940/14. Let z be 6/15 + l/15. Let p = z - -28. Is p a prime number?
True
Let z(m) = 3*m**3 + m**2 - m + 1. Let u be z(1). Suppose u = -2*r - 2*t - t, 5*t = 0. Is (-327)/(-2) + 1/r a prime number?
True
Let o be (0 - 3 - 5)*-2. Suppose -o*t + 1993 = -7015. Is t a composite number?
False
Let r(u) = -3*u - 3. Let h(y) = y + 1. Let n(j) = -11*h(j) - 4*r(j). Let x be n(1). Suppose x*w + w - 963 = 0. Is w composite?
True
Let n(g) = g - 7. Let q be n(12). Suppose 0 = q*p - 278 - 327. Is p a composite number?
True
Let z(v) = 308*v - 141. Is z(10) a prime number?
True
Suppose 19 = -r - 4*t, 18 = 5*r - 3*t - 2. Let z be (-18)/(-12)*r*-4. Is 13 + z*(-4)/(-6) composite?
True
Let l(t) = 16*t**2 - 79*t - 9. Is l(50) prime?
False
Let o be 9/(-6) - 42903/(-14). Suppose -3798 = -5*r - 4*v, -2*r = 2*r - 5*v - o. Is (r/(-5))/((-6)/15) a composite number?
True
Let s = -11384 - -7607. Let l = -2662 - s. Is l a composite number?
True
Suppose -4 = -4*f - 0. Let g be 2 + f + -111 + 1. Let z = g + 166. Is z prime?
True
Let o be 297/(-11)*1/(-3). Suppose o*c = 4*c - 10. Is 8277/33 - c/11 a prime number?
True
Let z(k) = 3*k**3 + k**2 - 11*k + 20. Is z(2) a prime number?
False
Suppose 0 = -q - 28 + 86. Let b(x) = 2*x + 3 + 137 + 1 + q. Is b(0) a prime number?
True
Suppose -3*c + 13 = 4. Suppose 26 - 8 = c*p. Suppose 645 = -m + p*m. Is m a composite number?
True
Let n(v) = 972*v - 371. Is n(7) composite?
True
Let j = 0 - -5. Suppose -j*y = -129 - 106. Let g = 66 - y. Is g prime?
True
Suppose -2*b = 5*b - 13188. Suppose 353 = p + 2*v - 282, -v = -3*p + b. Is p a composite number?
True
Suppose -4*u + 240701 = -3*o, u - 70954 + 10800 = 5*o. Is u a composite number?
True
Is (-3)/24 + ((-347273)/(-8) - 6) composite?
False
Is (0/2)/3*-1 + 4201 a composite number?
False
Let i be 1 + -1 + 2 + -2. Suppose i = f - 3*f. Suppose f = -2*k + 3*k - 23. Is k a composite number?
False
Suppose 0 = 3*b - 43 + 31. Suppose -b*q = -134 - 678. Is q a composite number?
True
Suppose 4*w + 2*n + 254 = 0, -3*n = -2*w - 5*n - 122. Let j = 257 - 158. Let d = j + w. Is d a prime number?
False
Is 253325/100*2*2 prime?
True
Suppose 0 = u + 3*c + 37, -2*c - 242 = 5*u - 6*c. Let n = u - -52. Is n a composite number?
True
Suppose -4*b = -6*b - 5*q + 843, 0 = -4*b + q + 1741. Suppose 14*i + 43*i = 171. Suppose 2*a + 4*x - 226 = 0, -x = i*a - 7*a + b. Is a prime?
True
Suppose 6*h + 1665 = 3*h. Let i = 196 - h. Is i a composite number?
False
Suppose -96*x = -73*x - 2211887. Is x composite?
True
Suppose -4*o + 4546 = -1338. Is o prime?
True
Le